 w(-7)?
1
Let k(u) = 6*u - 66. Give k(7).
-24
Let l(p) = 2*p**3 + 12*p**2 + 10*p. Calculate l(-5).
0
Let d(r) = 10*r - 55. Determine d(13).
75
Let j(k) = -k**3 - 15*k**2 - 13*k + 10. Determine j(-14).
-4
Let y(m) = 2*m**3 - 4*m**2 + 2*m + 1. Calculate y(2).
5
Let j(u) = -u**3 - 9*u**2 + 17*u - 16. Give j(-11).
39
Let q(h) = 8*h**3 + 2*h**2 + 2*h - 1. Determine q(-2).
-61
Let n(m) = m**3 + 18*m**2 - 20*m - 14. Give n(-19).
5
Let x(r) = 2*r + 8. Determine x(-7).
-6
Let k(s) = -s**2 + 10*s - 28. Give k(5).
-3
Let z(y) = 6*y**2 + 7*y + 6. What is z(-1)?
5
Let t(g) = -81*g - 495. Give t(-6).
-9
Let v(y) = y**2 + 18*y + 32. What is v(-15)?
-13
Let q(m) = m**3 + 14*m**2 - 4*m - 20. Give q(-14).
36
Let f(r) = 3*r**3 + 7*r + 11. Calculate f(-2).
-27
Let u(g) = g**2 - g + 7. What is u(5)?
27
Let g(o) = -o - 1. Calculate g(5).
-6
Let y(o) = 4*o**3 - 15*o**2 - 2*o - 3. What is y(4)?
5
Let x(f) = -13*f**2 - f - 2. Calculate x(-1).
-14
Let w(g) = -g**3 + 12*g**2 - 22*g + 22. Determine w(10).
2
Let i(g) = 2*g**2 - 2. Give i(0).
-2
Let x(y) = -33*y - 1. Calculate x(1).
-34
Let u(o) = -o**2 - 14*o - 30. What is u(-12)?
-6
Let z(l) = 2*l + 9. Give z(-4).
1
Let z(t) = -10*t - 17. Give z(-2).
3
Let f(l) = -l**2 + 5*l + 15. What is f(6)?
9
Let a(b) = -b + 9. Calculate a(9).
0
Let x(i) = i**3 - 26*i**2 - 29*i + 50. What is x(27)?
-4
Let c(u) = 6*u**3 - 2*u**2 - 2*u - 1. Calculate c(-1).
-7
Let l(f) = -f**2 - 10*f - 8. Determine l(-10).
-8
Let c(t) = t**2 + 6*t + 12. Determine c(-3).
3
Let s(m) = -5*m - 8. Give s(-6).
22
Let j(q) = 4*q**2 + 5*q + 2. Calculate j(4).
86
Let w(t) = t - 3. Determine w(4).
1
Let v(r) = -r**2 - 3*r + 2. Determine v(-6).
-16
Let t(k) = 3*k**2 + 63*k - 220. Give t(-24).
-4
Let x(p) = -47*p**3 + 3*p**2 - p - 1. What is x(1)?
-46
Let h(j) = -j**3 - 13*j**2 - 15*j - 10. Determine h(-12).
26
Let d(s) = -s**2 + 31*s - 239. Calculate d(17).
-1
Let u(q) = 2*q - 21. Determine u(-8).
-37
Let f(u) = 2*u**2 - 19*u - 2. What is f(9)?
-11
Let t(y) = y - 18. Calculate t(21).
3
Let g(j) = 2*j**2 + 8*j - 28. Calculate g(-9).
62
Let u(p) = -p**3 - 7*p**2 - 8*p - 7. Give u(-6).
5
Let a(d) = -d**2 + 14*d + 56. Determine a(17).
5
Let x(r) = r**3 - 4*r**2 + 2*r + 2. Calculate x(3).
-1
Let q(m) = -4*m**3 - 37*m**2 - 12*m - 23. What is q(-9)?
4
Let w(u) = -u**2 + 55*u - 253. Determine w(50).
-3
Let n(a) = -8*a + 103. Determine n(12).
7
Let r(s) = 20*s - 284. What is r(14)?
-4
Let c(v) = -10*v**3 + 2*v**2 + 2*v + 1. Give c(-1).
11
Let v(n) = -2*n**2 + 29*n - 40. Calculate v(13).
-1
Let b(a) = a**2 + 12*a - 1. Determine b(-13).
12
Let a(n) = n**3 + 15*n**2 - 16*n - 6. Calculate a(-16).
-6
Let h(d) = d**3 + 15*d**2 + 23*d - 20. Calculate h(-13).
19
Let h(p) = 2*p**2 + p + 1. Give h(-4).
29
Let f(p) = 167*p**2 + 3*p + 2. What is f(-1)?
166
Let r(m) = -m**2 - 24*m + 62. Determine r(-25).
37
Let x(k) = -k**3 - 11*k**2 - k - 16. What is x(-11)?
-5
Let t(c) = -c + 13. What is t(0)?
13
Let d(w) = 27*w**3 + w**2 - w - 1. Give d(-1).
-26
Let z(r) = r**2 - 12*r + 34. What is z(11)?
23
Let x(p) = -p - 10. Calculate x(-4).
-6
Let z(x) = x**2 + 7*x. Determine z(-8).
8
Let o(q) = -20*q + 240. Calculate o(12).
0
Let i(s) = s**2 + 31*s + 227. Determine i(-19).
-1
Let p(i) = 6*i**2 + 13*i + 5. Give p(-2).
3
Let b(q) = -q**2 + 9*q + 17. Calculate b(8).
25
Let n(i) = 2*i**2 + 28*i - 2. Calculate n(-6).
-98
Let d(w) = -w**2 - 14*w - 49. What is d(-5)?
-4
Let p(c) = c + 8. Calculate p(-8).
0
Let z(w) = -6*w**3 + w**2 - w - 1. Determine z(2).
-47
Let f(x) = -26*x - 6. Determine f(1).
-32
Let p(q) = 3*q + 18. Determine p(6).
36
Let j(f) = 14*f + 602. What is j(-42)?
14
Let b(m) = -m**3 + 2*m**2 + 4*m - 7. Determine b(3).
-4
Let j(f) = -2*f**2 - 9*f - 6. Give j(-2).
4
Let j(t) = 5*t - 3. What is j(3)?
12
Let o(m) = -m + 17. Calculate o(11).
6
Let k(o) = -o**3 + 7*o**2 + 12*o - 9. What is k(8)?
23
Let w(b) = -b**2 + 19*b + 9. What is w(14)?
79
Let n(i) = -i**3 - 7*i**2 + 13*i + 20. Determine n(-8).
-20
Let m(q) = -6*q**2 - 3*q + 10. What is m(3)?
-53
Let y(d) = 6*d**2 + 39*d + 75. Give y(-2).
21
Let i(z) = z**2 - 15*z + 5. Determine i(11).
-39
Let w(h) = -6*h + 21. Calculate w(-16).
117
Let z(t) = -t**2 + 12*t - 15. Give z(8).
17
Let s(d) = -8*d + 133. Give s(11).
45
Let l(i) = -4*i + 33. What is l(9)?
-3
Let v(k) = 28*k**3 + 2*k + 1. Calculate v(-1).
-29
Let r(q) = 3*q**2 - 29*q + 4. Calculate r(9).
-14
Let r(j) = j**3 + 8*j**2 + 13*j + 5. Determine r(-5).
15
Let r(w) = -w**3 + 5*w**2 + w + 1. Determine r(5).
6
Let o(w) = -19*w + 23. Give o(8).
-129
Let x(u) = 3*u**2 + 6*u + 3. Calculate x(-4).
27
Let i(o) = -12*o + 65. Determine i(6).
-7
Let b(f) = -f**3 - 21*f**2 + 23*f + 35. What is b(-22)?
13
Let s(n) = -22*n + 424. Determine s(19).
6
Let b(l) = -24*l - 28. Calculate b(-2).
20
Let p(f) = f**3 + 5*f**2 - 6*f - 9. Give p(-6).
-9
Let g(p) = -2*p**2 - 3*p + 11. Calculate g(-6).
-43
Let r(x) = 3*x - 11. Calculate r(5).
4
Let u(f) = -f**2 + 19*f + 24. Determine u(20).
4
Let d(y) = y + 9. Calculate d(-13).
-4
Let i(c) = -11*c**2 + c + 1. What is i(-1)?
-11
Let t(q) = -8*q - 41. Give t(-6).
7
Let j(s) = -s**3 + 4*s**2 + 3*s + 6. What is j(5)?
-4
Let o(l) = -l**3 - 10*l**2 + 3*l + 21. Calculate o(-10).
-9
Let w(u) = u**2 - u + 8. Give w(-5).
38
Let p(z) = -9*z**2 - 3*z + 7. Determine p(3).
-83
Let g(s) = s**2 + 7. What is g(-4)?
23
Let y(j) = -2*j**3 + 3*j**2 - 4*j - 2. Calculate y(2).
-14
Let j(d) = d + 14. Calculate j(-13).
1
Let w(y) = -y**2 - 20*y - 5. Give w(-17).
46
Let o(j) = -5*j - 33. Calculate o(-9).
12
Let d(h) = -h**2 - 4*h - 7. Calculate d(-5).
-12
Let j(i) = -i**3 - 6*i**2 + 10*i + 10. What is j(-7)?
-11
Let p(l) = l**3 - l**2 - l - 8. What is p(3)?
7
Let i(k) = -k**2 + 11*k - 20. What is i(3)?
4
Let k(z) = -z**2 + 20*z - 26. What is k(12)?
70
Let p(k) = 4*k**2 - 4. What is p(-3)?
32
Let n(l) = l**2 - 3*l + 3. What is n(4)?
7
Let k(v) = 20*v - 1. Determine k(-1).
-21
Let b(u) = -u**3 - 7*u**2 - 12*u + 3. Give b(-4).
3
Let c(w) = w - 13. What is c(9)?
-4
Let s(a) = a**3 + 17*a**2 - 21*a - 19. Calculate s(-18).
35
Let b(m) = -17*m - 146. Calculate b(-9).
7
Let u(i) = -i**3 - 8*i**2 - 18*i - 9. Give u(-4).
-1
Let t(j) = j**2 + j - 22. Give t(-4).
-10
Let y(p) = -12*p - 10. Determine y(-4).
38
Let d(t) = t**3 + 5*t**2 + 10*t + 38. What is d(-5)?
-12
Let p(w) = -w - 11. Calculate p(2).
-13
Let p(n) = -3*n**3 + 27*n**2 + 4. Determine p(9).
4
Let f(x) = x**2 - x - 4. What is f(-4)?
16
Let d(v) = 2*v**2 - 3*v - 23. What is d(5)?
12
Let v(d) = -6*d - 8. Give v(-8).
40
Let u(r) = -4*r - 12. Determine u(-18).
60
Let d(a) = -4*a - 3. What is d(3)?
-15
Let p(w) = 2*w**2 + 10*w - 2. Determine p(-7).
26
Let v(o) = -6*o + 129. Give v(21).
3
Let u(g) = -12*g - 6. Give u(0).
-6
Let n(m) = -m**3 + 7*m**2 - 7*m + 16. Give n(6).
10
Let s(z) = -2*z**3 - 3*z**2 + 2*z + 3. Determine s(-3).
24
Let a(o) = -2*o**2 - o + 40. What is a(-4)?
12
Let c(f) = 45*f + 198. Determine c(-5).
-27
Let b(d) = -d**2 + 6*d + 1. Give b(-7).
-90
Let m(v) = 3*v**2 + 25*v + 12. What is m(-7)?
-16
Let s(q) = -q**2 + 7*q - 6. Give s(7).
-6
Let m(w) = w**2 - 4*w + 36. Calculate m(0).
36
Let z(x) = -x**2 - 21*x - 17. Give z(-20).
3
Let h(f) = -2*f**2 + 9*f - 7. Calculate h(7).
-42
Let h(g) = -3*g**3 - 5*g**2 - 6*g - 15. Give h(-2).
1
Let y(x) = x**3 + 9*x**2 - 29*x + 12. Determine y(-12).
-72
Let w(y) = y**2 + 10*y + 3. Give w(-5).
-22
Let u(y) = -30*y**2 - 3*y + 2. Give u(1).
-31
Let d(c) = -c**3 - 8*c**2 - 10*c + 5. Calculate d(-6).
-7
Let x(i) = i**3 + 7*i**2 - 4*i - 8. What is x(-7)?
20
Let k(r) = -2*r**3 + 19*r**2 - 6*r - 8. Determine k(9).
19
Let m(c) = -c**3 - 5*c**2 - 102*c - 294. What is m(-3)?
-6
Let f(c) = 3*c + 1. Give f(5).
16
Let f(b) = b**3 + 5*b**2 - 15*b - 6. Give f(-7).
1
Let n(o) = -16*o**3 - 14*o - 14. Calculate n(-1).
16
Let l(o) = 6*o + 9. Calculate l(-2).
-3
Let c(z) = -z**3 - 29*z**2 + 21. Give c(-29).
21
Let z(w) = 11*w + 7. What is z(-2)?
-15
Let v(d) = d**2 + 6*d - 4. What is v(-5)?
-9
Let p(d) = -d**3 - d**2 - d + 1. Calculate p(0).
1
Let n(w) = -2*w + 13. Determine n(5).
3
Let c(m) = m - 17. Calculate c(14).
-3
Let g(v) = 5*v**3 - v**2 - v - 2. Calculate g(-2).
-44
Let v(b) = -b**3 - 8*b**2 + 6*b + 7. Calculate v(-8).
-41
Let u(p) = p**2 - 2*p + 1. Calculate u(0).
1
Let u(x) = x**3 - 6*x**2 - 4*x